16*f - 3. Let q(v) = 4*d(v) - u(v). What is q(p)?
2
Let n be 75*(39/(-15) - -3). Let g(l) = -l - 56*l**2 - 1 + n*l**2 + 29*l**2 + 0. Let t(f) = f**3 - 8*f**2 + f - 9. Let h be t(8). What is g(h)?
3
Let p(s) = s**2 - 8 + 4*s + 9 + 2*s. Suppose 2*i - 21 = -j, -5*i + j = 2*j - 45. Let m = i - 14. Give p(m).
1
Let q(n) = -7*n + n - 3 + 0*n**2 - 10*n + 22 + n**2. Determine q(14).
-9
Let l(x) = 17*x + 251. Let c be l(-15). Let m(h) = h**2 + 4. What is m(c)?
20
Let b(g) = 5*g**3 + 9*g**2 + 3*g + 10. Let m(p) = -p**3 - p**2 - 1. Let q(w) = -b(w) - 6*m(w). Determine q(4).
0
Suppose 3 = -k - 5. Let z(c) = -19*c + 3*c - 8 + 9*c + 4. Let i(u) = u. Let f(q) = 6*i(q) + z(q). Calculate f(k).
4
Let c(r) = -r**3 - 11*r**2 - 11*r - 1. Let v be (1 - 0)/((-30)/190)*-9. Let j = -67 + v. What is c(j)?
9
Suppose -2*p + 4*u = 26, 5*p + 5*u + 20 = -0*u. Let w(l) = 0*l - 2*l - 2 + l. Determine w(p).
5
Let s be -15 - -2 - (0 + 1). Let y be (-88)/s + 14/(-49). Let q(u) = 5*u + 4*u + 10 + u**2 - y. What is q(-9)?
4
Let f be 4/(-6) + 86/(-6). Suppose -5 = 27*l + 400. Let v be (-54)/l - (-9)/f. Let y(i) = -2*i**2 + i - 1. What is y(v)?
-16
Let a(p) = 55*p + 43. Let v(z) = -13*z - 1. Let c(n) = a(n) + 4*v(n). Determine c(-12).
3
Suppose 303*x - 1188 = 333 + 297. Let p(f) = -f**2 - 5*f - 1. Let v be p(-4). Let o(r) = -3*r**3 - 9 + 10*r - 7*r**2 + r**3 + v*r**3. Give o(x).
15
Let b(l) = -l + 4. Suppose 5*t = 5*u - 5, 2*t - t = -4*u - 11. Let f be u/((3/(-2))/3). What is b(f)?
0
Let h(c) be the second derivative of c**5/20 + 2*c**4/3 - c**3 + 17*c**2/2 + 16*c + 1. Determine h(-9).
-10
Let f(i) = 4*i - 2. Let v be ((-6)/4)/((-20)/40). What is f(v)?
10
Let d be (-1)/((-297)/(-44) + -7). Let h(a) = a**2 - 10*a + 18. What is h(d)?
-6
Let v(i) = 3*i - 33*i**3 + 4*i**2 + 16*i**3 - 1 - 4 + 0*i**2 + 16*i**3. Give v(5).
-15
Let m(z) = 6*z - 19. Let p(f) be the first derivative of -3*f**2/2 + 9*f - 22. Let b(j) = -4*m(j) - 9*p(j). Determine b(4).
7
Let c(f) = 11*f - 24. Let s(j) = 5*j - 11. Let v(l) = -4*c(l) + 9*s(l). Give v(7).
4
Let x = 5 + -8. Let q(o) = -10*o - 15. Let w(a) = -2*a - 3. Let g be (66/9)/((-14)/21). Let d(n) = g*w(n) + 2*q(n). Calculate d(x).
-3
Let f(r) = -5*r + 10*r + 0 + 2 - 4. Let n(h) = 14*h - 5. Let k(p) = -17*f(p) + 6*n(p). Determine k(-3).
7
Let g = 1516 + -1511. Let v(h) be the third derivative of 5/2*h**3 - g*h**2 + 0 + 0*h - 1/24*h**4. Give v(8).
7
Let n(q) = -q**2 - 4*q - 2. Suppose 5*u - 5 = -3*s, 5*s = 4*u - 5*u + 23. Let k be n(u). Let a(w) = w + 0*w**2 + 3 + 3*w**2 - 2*w**k - 1. Give a(0).
2
Let c(g) = -g - 8. Let y be c(-11). Suppose y*i + 4 = 4*i. Suppose i*t = -6 - 18. Let o(b) = b**2 + 5*b + 5. Give o(t).
11
Let o(v) = -3*v**3 - 8*v**2 + 25*v + 20. Let z(q) = q**3 + 2*q**2 - 8*q - 7. Let x(w) = 3*o(w) + 8*z(w). Determine x(-9).
-14
Let r(p) be the third derivative of p**5/15 + 5*p**4/24 + 2*p**3/3 - p**2 - 36*p. What is r(-2)?
10
Let k(b) be the second derivative of -1/12*b**4 + 22*b - b**3 + 7/2*b**2 + 2. Let m = 17 - 25. Determine k(m).
-9
Suppose 3 = -3*j - 2*x + 23, -4*j + 20 = x. Let h = -3 - -7. Suppose 0 = 3*u + j*f - 17, -2*f + 0 = -h. Let r(m) = m**2 - 3*m - 1. What is r(u)?
-1
Let d(y) = 0*y**2 + 2 - y**3 + 218*y - 223*y - 5*y**2. Let t(r) = r**2 + 7*r + 8. Let z be t(-4). What is d(z)?
6
Let h(q) = q**2 - 2*q - 1. Let t(w) = -w + 1. Let a(u) = h(u) + 4*t(u). Suppose 4*b + 20 = 0, 0 = -2*y + y + b + 9. What is a(y)?
-5
Let g = -1651 - -1651. Let a(r) = r**2 - 25. Calculate a(g).
-25
Let g(d) = 2*d**3 + 2*d**2 - 3*d - 3. Let v be -2*((-3)/(-9) - 18/(-27)). Calculate g(v).
-5
Let d(r) = r**3 - 6*r**2 + r - 7. Suppose 2*o + 21 = 3*o. Suppose 4*y - q = o, 3*y + 3*q - 30 = -q. Determine d(y).
-1
Let l be (-7 - (-42)/(-7))/(-1). Let h(p) = p - 5. What is h(l)?
8
Let l = -29 + 31. Let j(g) = 4*g - 2. Let u be j(l). Let x(d) = d**2 - 5*d + 6. Determine x(u).
12
Let q(b) = -b**3 + 13*b**2 - 11*b - 8. Suppose 2097*u - 2095*u - 24 = 0. Calculate q(u).
4
Suppose 0 = -9*i - 0*i - 36. Let z(w) = -14*w**2 + 23*w + 3. Let l(f) = 5*f**2 - 8*f - 1. Let g(r) = -17*l(r) - 6*z(r). Determine g(i).
-9
Let x(v) = -4*v**3 - 4*v**2 + v - 10. Let s(y) = -5*y**3 - 5*y**2 + 2*y - 12. Let n(j) = -3*s(j) + 4*x(j). Calculate n(0).
-4
Let c(j) = -6*j**2 + 11*j - 10. Let b(g) = 5*g**2 - 10*g + 9. Let y be 2 - -8*(-2)/2. Let n(z) = y*c(z) - 7*b(z). Let o be (6/4)/((-3)/8). Calculate n(o).
-3
Let c be 1 - -14 - 0/13. Let k(f) = -f**3 + 14*f**2 + 16*f - 20. Give k(c).
-5
Suppose 3*z - 92 + 95 = 0. Suppose -2*j + 1 = -j. Let a(y) = -6*y**2 - 8*y**2 + 5*y**2 - j. Calculate a(z).
-10
Let a(k) be the second derivative of -k**7/840 - k**6/60 - k**5/20 - k**4/4 - k**3/3 - 32*k. Let i(q) be the second derivative of a(q). What is i(-5)?
-1
Let u(v) be the first derivative of v**4/4 + 2*v**3 - v**2 - 5*v - 86. What is u(-6)?
7
Let g(m) be the second derivative of -3*m**2 - 7/12*m**4 - 10*m + 0 - 1/20*m**5 - m**3. Calculate g(-6).
-6
Suppose -15*b - 3*b - 216 = 0. Let p(q) = q**2 + 13*q + 2. Give p(b).
-10
Let b(z) = 4*z**2 - 2*z + 1. Let r be 6 - (-7 - -2)/(-5). Suppose -m = r*q - 2 + 1, 4*q - m - 8 = 0. Give b(q).
3
Let u(r) = -r**3 + 2*r**2 + 2*r - 1. Let w be 9/(-12)*(-4)/3. Let b(m) = 6*m + 3. Let n(l) = -7*l - 4. Let h(t) = 4*b(t) + 3*n(t). Let g be h(w). What is u(g)?
-4
Let g(d) be the first derivative of -d**4/4 - 2*d**3 - d**2 - 8*d - 1. Let u(j) = -6*j**2 + 29*j + 29. Let b be u(-1). Give g(b).
4
Let t(r) = -r**3 + 9*r**2 + r - 7. Let i be t(9). Suppose 0 = -l - 4*p - 6, 4*l = -5*p - i - 0. Let n(k) = -k**2 - 4 + 5*k**l + 7 - k - k**3. Determine n(3).
9
Let w(z) = 4*z + 9. Let k be 5 + (-76)/12 - (-10)/(-6). Give w(k).
-3
Let y(a) = 3 + 6*a - 4*a - 8 - a. Give y(7).
2
Let n(r) = 8*r**2 - 38*r - 9. Let o(q) = -3*q**2 + 13*q + 3. Let h(g) = 4*n(g) + 11*o(g). Let f(v) = -11*v + 70. Let s be f(7). Calculate h(s).
11
Suppose -3*v + 5*m - 3*m = 44, 4*v = m - 62. Let j(c) = c**3 + 15*c**2 - 16*c - 16. What is j(v)?
-16
Let x(q) be the second derivative of -q**6/720 - q**5/20 + 35*q**4/12 - 17*q. Let v(r) be the third derivative of x(r). Determine v(-9).
3
Let w be 0/(6/(-2) + 1). Suppose -3*m = 3*j + 12, -j - 6 = 3*m - 0. Let l be w/(2*m/2). Let d(f) = -f**2 - f - 4. Calculate d(l).
-4
Let u(n) = -3*n - 5. Let p(q) be the second derivative of -7*q**2 - 1/2*q**3 + 0 - 5*q. Let b be p(-6). Determine u(b).
-17
Let i(x) = -x**2 - 4*x + 6. Let z = -46 + 48. Suppose 5*k - z*k + 18 = 0. Calculate i(k).
-6
Let z(w) = w**3 + 3*w**2 - 7*w - 2. Suppose -5 = 42*q - 41*q. What is z(q)?
-17
Let w(q) be the first derivative of q**2/2 - 118. Give w(2).
2
Let b = -7 - -11. Suppose -6*o + o - 4*j = -20, o + j = b. Let i(y) = 4*y - 6. What is i(o)?
10
Let l(y) = y + 4. Let d = 110 + -106. What is l(d)?
8
Suppose 2*p - 2*g = -5*g - 1, -2*g = 5*p + 8. Let x be ((-3)/6)/(p + 50/24). Let v(w) = 10*w + 0*w**2 - 7 + w**2 - 5*w. Calculate v(x).
-1
Let d(t) = -4*t + 3. Let h = 171 - 166. What is d(h)?
-17
Let i(z) = -4*z**2 + 9*z + 10. Let r(j) = -5*j**2 + 9*j + 10. Let y(v) = 6*i(v) - 5*r(v). Let h be y(-7). Let p(a) = 6*a - 1 - 3*a - 4*a + 3*a. What is p(h)?
-9
Let a = 113 + -117. Let y(d) be the second derivative of d**3/6 + 5*d**2/2 - 11*d. What is y(a)?
1
Let s(q) be the second derivative of q**5/20 + q**4/3 + q**3/3 + 3*q**2/2 + q. Let u = -685 - -683. Give s(u).
7
Let n(t) be the second derivative of -t**3/6 - 21*t**2/2 - 17*t. Let y = -31 + 31. Give n(y).
-21
Suppose 3*i + 2*y + 16 = 0, 0 = -2*i + 3*y + 1 - 16. Let m(f) = f**3 + 5*f**2 - 6*f - 2. Let q be m(i). Let x(k) = -3*k**2 - 3*k - 1. Give x(q).
-7
Let g(q) = -q**2 - q - 1. Let m be ((-3)/3 + 5)*-1. Let s(l) = 4*l + 5. Let o(d) = m*g(d) - s(d). Let f(k) = -k**3 + 6*k**2 + k - 8. Let a be f(6). Give o(a).
15
Suppose -3*l + 6*y - 2*y = 15, -2*l = 5*y - 13. Let i = 2 - l. Let n(d) = 2 + d + 1 - 3*d. Determine n(i).
-3
Suppose 4*y - 8*y - 2*m = -18, 3*y - 26 = -4*m. Let h be -3 + (-5 - -2) + y. Let u(g) = g**3 + 5*g**2 + 6*g + 3. Give u(h).
-5
Let j(v) = v + v**2 - 5 + 17*v**3 - 18*v**3 + 5. Let o(y) = y**3 - 8*y**2 - 8*y - 1. Let q(c) = 2*j(c) + o(c). Determine q(-5).
4
Let d = 5 + -4. Let q(i) = -5*i**3 + 6*i - 1 - 2*i**2 + 2 - 6*i. Give q(d).
-6
Let k(g) = g**2 + 3*g - 3. Let j be k(-7). Suppose 2*x - 27 = 5*o, -5*x = 2*o + 1 - j. Let u(d) 